 divided by 32885.
8
Calculate the remainder when 67935 is divided by 13.
10
What is the remainder when 7817 is divided by 165?
62
Calculate the remainder when 265346 is divided by 915.
911
Calculate the remainder when 120714 is divided by 7.
6
Calculate the remainder when 8412 is divided by 2063.
160
Calculate the remainder when 513726 is divided by 24.
6
What is the remainder when 3889 is divided by 227?
30
Calculate the remainder when 311 is divided by 154.
3
What is the remainder when 193371 is divided by 120?
51
What is the remainder when 17583 is divided by 66?
27
What is the remainder when 18550 is divided by 273?
259
What is the remainder when 898 is divided by 239?
181
Calculate the remainder when 1824 is divided by 1577.
247
What is the remainder when 1606 is divided by 779?
48
What is the remainder when 78472 is divided by 29?
27
What is the remainder when 93491 is divided by 25?
16
Calculate the remainder when 57051 is divided by 2287.
2163
What is the remainder when 3050 is divided by 33?
14
Calculate the remainder when 2742 is divided by 207.
51
What is the remainder when 1300 is divided by 4?
0
What is the remainder when 455662 is divided by 235?
232
Calculate the remainder when 6018 is divided by 6006.
12
Calculate the remainder when 6063 is divided by 202.
3
Calculate the remainder when 10411 is divided by 385.
16
What is the remainder when 1307163 is divided by 21?
18
Calculate the remainder when 277088 is divided by 43.
39
Calculate the remainder when 21838 is divided by 52.
50
What is the remainder when 105247 is divided by 105222?
25
Calculate the remainder when 4585 is divided by 306.
301
What is the remainder when 66682 is divided by 4763?
0
Calculate the remainder when 14636 is divided by 431.
413
What is the remainder when 20726 is divided by 54?
44
What is the remainder when 3226 is divided by 1007?
205
What is the remainder when 9290 is divided by 795?
545
Calculate the remainder when 792 is divided by 387.
18
What is the remainder when 4740 is divided by 60?
0
Calculate the remainder when 508959 is divided by 8.
7
What is the remainder when 50044 is divided by 16?
12
What is the remainder when 158178 is divided by 11?
9
Calculate the remainder when 2843 is divided by 2780.
63
Calculate the remainder when 2564 is divided by 336.
212
Calculate the remainder when 1223 is divided by 629.
594
What is the remainder when 17155 is divided by 4?
3
Calculate the remainder when 201458 is divided by 130.
88
What is the remainder when 1121793 is divided by 3065?
3
Calculate the remainder when 9410 is divided by 1321.
163
Calculate the remainder when 13533 is divided by 315.
303
What is the remainder when 32685 is divided by 79?
58
Calculate the remainder when 32203 is divided by 9.
1
Calculate the remainder when 12701 is divided by 705.
11
Calculate the remainder when 141021 is divided by 71.
15
What is the remainder when 32807 is divided by 160?
7
Calculate the remainder when 33216 is divided by 977.
975
Calculate the remainder when 66573 is divided by 497.
472
Calculate the remainder when 724319 is divided by 11.
2
What is the remainder when 162584 is divided by 5606?
10
Calculate the remainder when 88635 is divided by 1364.
1339
Calculate the remainder when 392493 is divided by 17.
14
What is the remainder when 2775 is divided by 524?
155
What is the remainder when 10638 is divided by 760?
758
Calculate the remainder when 9365 is divided by 3121.
2
What is the remainder when 752 is divided by 142?
42
What is the remainder when 2986 is divided by 12?
10
Calculate the remainder when 59330 is divided by 19772.
14
Calculate the remainder when 10873 is divided by 1435.
828
What is the remainder when 65167 is divided by 95?
92
Calculate the remainder when 6034 is divided by 81.
40
What is the remainder when 211678 is divided by 270?
268
Calculate the remainder when 162696 is divided by 2395.
2231
Calculate the remainder when 24079 is divided by 35.
34
Calculate the remainder when 196123 is divided by 75.
73
Calculate the remainder when 87202 is divided by 172.
170
Calculate the remainder when 118308 is divided by 388.
356
What is the remainder when 12092 is divided by 22?
14
Calculate the remainder when 8880 is divided by 7.
4
Calculate the remainder when 82569 is divided by 249.
150
What is the remainder when 498 is divided by 122?
10
What is the remainder when 501 is divided by 56?
53
What is the remainder when 25926 is divided by 211?
184
What is the remainder when 14235 is divided by 4731?
42
What is the remainder when 1352 is divided by 262?
42
What is the remainder when 1179465 is divided by 147433?
1
What is the remainder when 10791 is divided by 5389?
13
What is the remainder when 149700 is divided by 21?
12
What is the remainder when 2254229 is divided by 297?
296
Calculate the remainder when 262459 is divided by 223.
211
What is the remainder when 6172 is divided by 236?
36
What is the remainder when 76524 is divided by 188?
8
Calculate the remainder when 23939 is divided by 15.
14
Calculate the remainder when 39274 is divided by 9808.
42
Calculate the remainder when 8809 is divided by 2724.
637
What is the remainder when 25513 is divided by 189?
187
Calculate the remainder when 305797 is divided by 40.
37
What is the remainder when 5289 is divided by 7?
4
Calculate the remainder when 11744 is divided by 396.
260
Calculate the remainder when 31395 is divided by 25.
20
Calculate the remainder when 491527 is divided by 1834.
15
Calculate the remainder when 12061198 is divided by 230.
228
Calculate the remainder when 2362731 is divided by 66.
63
What is the remainder when 8446 is divided by 86?
18
What is the remainder when 6375 is divided by 539?
446
What is the remainder when 121888 is divided by 586?
0
Calculate the remainder when 874 is divided by 50.
24
Calculate the remainder when 175670 is divided by 563.
14
Calculate the remainder when 32224 is divided by 301.
17
What is the remainder when 23949 is divided by 678?
219
Calculate the remainder when 19539 is divided by 319.
80
What is the remainder when 467866 is divided by 58483?
2
What is the remainder when 6661 is divided by 290?
281
What is the remainder when 15533 is divided by 14?
7
What is the remainder when 1769 is divided by 427?
61
Calculate the remainder when 1781 is divided by 145.
41
What is the remainder when 385 is divided by 209?
176
Calculate the remainder when 20991 is divided by 20980.
11
Calculate the remainder when 17089 is divided by 5672.
73
What is the remainder when 19230 is divided by 64?
30
Calculate the remainder when 6590 is divided by 76.
54
Calculate the remainder when 517783 is divided by 455.
448
Calculate the remainder when 2521 is divided by 1249.
23
Calculate the remainder when 53584 is divided by 114.
4
Calculate the remainder when 5971 is divided by 33.
31
Calculate the remainder when 70533 is divided by 70533.
0
Calculate the remainder when 25659 is divided by 50.
9
What is the remainder when 189782 is divided by 99?
98
Calculate the remainder when 210254 is divided by 655.
654
Calculate the remainder when 2838 is divided by 257.
11
Calculate the remainder when 42202 is divided by 897.
43
What is the remainder when 8462 is divided by 2521?
899
Calculate the remainder when 6767404 is divided by 16.
12
Calculate the remainder when 203817 is divided by 316.
313
What is the remainder when 389832 is divided by 220?
212
Calculate the remainder when 50192 is divided by 50116.
76
Calculate the remainder when 103425 is divided by 28.
21
Calculate the remainder when 38655 is divided by 49.
43
What is the remainder when 31983 is divided by 129?
120
What is the remainder when 15919 is divided by 5285?
64
What is the remainder when 16118 is divided by 826?
424
Calculate the remainder when 7570 is divided by 398.
8
What is the remainder when 318810 is divided by 26?
24
Calculate the remainder when 59197 is divided by 9855.
67
What is the remainder when 423 is divided by 346?
77
Calculate the remainder when 7819 is divided by 14.
7
Calculate the remainder when 67857 is divided by 1882.
105
Calculate the remainder when 2861 is divided by 96.
77
Calculate the remainder when 72598 is divided by 72536.
62
What is the remainder when 359419 is div